.
-2
Let u = 7 - 7. Let i be ((-12)/5)/((-6)/20). Let f(q) = i + 0 + q**2 + 3 - q. What is f(u)?
11
Let l(j) = -10*j + 1. Let f be l(-1). Suppose f = 4*w - 13. Let t(h) be the third derivative of -h**4/24 + 7*h**3/6 - h**2. What is t(w)?
1
Let w = 26 - 21. Let f(h) = -12*h**2 + 3*h. Let y(s) be the third derivative of 23*s**5/60 - 5*s**4/24 + s**2. Let v(n) = w*f(n) + 3*y(n). Determine v(-1).
9
Let w(v) = -v + 5. Suppose o + 2*k - 4 = -0*o, 2*o + 3*k = 9. Let u be w(o). Let n = 0 - u. Let y(b) = -2*b**3 - b + 1. What is y(n)?
-2
Let a(l) be the first derivative of l**7/210 - l**5/120 + 5*l**3/3 + 2. Let i(v) be the third derivative of a(v). Give i(-1).
-3
Let t = -17 + 17. Let s(f) = 0*f - 5*f**2 + t*f + 2*f**3 + 6*f - 1 - f**3. Suppose 3*z = -4*p + 3*p + 1, 2*p - 4*z = 12. Give s(p).
7
Let a = -1 - 1. Let q be -1 - a - (-7 - -13). Let g(r) = r**2 + 4*r - 5. What is g(q)?
0
Let o(c) = -14 + 5*c - 11 + 4. Let i(u) = 2*u - 10. Let a(g) = -7*i(g) + 3*o(g). What is a(0)?
7
Let h = -5 + 1. Let c(n) = n**3 - 10*n**2 - 11*n + 7. Let m be c(11). Let w(g) = 10*g - 8. Let u(j) = -7*j + 5. Let s(f) = m*u(f) + 5*w(f). Calculate s(h).
-9
Let i(k) = -4*k + 8. Let t(h) = -5*h + 9. Let j(m) = -3*i(m) + 2*t(m). Give j(6).
6
Let l(n) = -n + 3. Let q be l(6). Let j(g) = 4*g + 3. Calculate j(q).
-9
Let l = -9 - -13. Let s(d) be the second derivative of -d**4/12 + 2*d**3/3 + 5*d**2/2 - d. What is s(l)?
5
Let q(y) = 3*y**2 - 12*y - 5. Let h be q(4). Let c(u) = u**2 + 7*u + 6. Determine c(h).
-4
Let l(j) = -j**2 - 5*j + 6. Let u(n) = -1. Let x(b) = -l(b) - 6*u(b). Calculate x(-6).
6
Let p(x) be the third derivative of -x**5/60 - 5*x**4/24 - 2*x**3/3 + 15*x**2. Let n = 2 - 0. Suppose 5*z + 5 = 2*z + n*k, 0 = 5*k + 25. What is p(z)?
-4
Let a(k) = 11*k**2 + 6*k + 15. Let j(g) = 5*g**2 + 3*g + 7. Let o(q) = -4*a(q) + 9*j(q). Let l be o(-4). Let z = -4 + l. Let v(p) = -p. Calculate v(z).
-3
Let n(m) = 2*m**3 + 7*m**2 + 4*m + 2. Let c(h) = h**3 + h**2. Let z(j) = -3*c(j) + n(j). Give z(-2).
18
Let q(c) = c**3 - 6*c**2 + 5*c + 6. Let w be q(5). Let x(d) = -d**2 + 6*d. Calculate x(w).
0
Let b(v) be the third derivative of -v**6/120 + v**5/15 + v**4/3 - 2*v**3/3 + 2*v**2. Calculate b(5).
11
Let d(z) = z - 1. Suppose -b + 2*b + 21 = -3*p, b + 3 = 0. Determine d(p).
-7
Suppose -5*p + 3*j = -2, -5*p = -2*j - 2 - 1. Let b(i) be the second derivative of i**4/12 - i**3/3 + i**2/2 + 10*i. Calculate b(p).
0
Suppose 0*j = l - 4*j - 20, -5*l - 5 = j. Suppose -u - 2*u = l. Suppose 3*c + 14 - 2 = u. Let f(i) = -i**3 - 3*i**2 + 5*i - 1. Give f(c).
-5
Let t(o) be the second derivative of -o**3/3 + 13*o**2/2 - 27*o. What is t(9)?
-5
Let i(r) = r**3 + 4*r**2 + r - 1. Let t(g) = 4*g + 10. Let y(p) = 5*p + 9. Let v(w) = 3*t(w) - 2*y(w). Let n be v(-8). What is i(n)?
-5
Let y(d) = 11*d - 241 + 241. Give y(1).
11
Let r(f) = 161*f - 325*f + 167*f + 5 - 4*f**2 - f**3 + f**2. Calculate r(-4).
9
Let w(i) be the third derivative of 0 - 1/2*i**3 + 0*i + 2*i**2 - 1/4*i**4 - 1/60*i**5. Calculate w(-5).
2
Let y(g) = 2*g**2 - 42*g + 5. Let d be y(21). Let c(q) = -q**3 + 5*q**2 + 4*q - 7. Calculate c(d).
13
Let x(w) = -11*w**2 - w - 1. Let y be ((-3)/2)/(2/(-4)). Suppose 3 = 5*a - 2, -a + y = -2*m. What is x(m)?
-11
Let x(i) = -12*i - 774*i**2 + 4*i - 1 + 773*i**2. Calculate x(-8).
-1
Let m(l) be the first derivative of -3*l**4/4 + 4*l**3/3 - l**2/2 - 2*l - 15. Give m(2).
-12
Let p(b) = -b + 11. Let w be p(8). Suppose -4*l + 3 = -5. Let q(m) = 3*m**3 - 3*m**2 + 4*m - l*m**3 + 1 - 2*m. Calculate q(w).
7
Let v(d) = -2*d + 4. Suppose 4*r + 14 = -10. Let y be v(r). Let s(b) = -y - 1 + 4 + 2*b - b. What is s(6)?
-7
Let w(q) = 2*q + 12. Let i(n) = -n - 4. Let u(j) = 10*i(j) + 3*w(j). Calculate u(-6).
20
Let p(q) = -q**2 + q. Let l(b) = -b**3 + 6*b**2 + 1. Let c(g) = -l(g) - 3*p(g). Let u(w) = -w**2 + 9*w - 10. Let k be u(7). What is c(k)?
3
Let m(p) = -6*p**2 + 5*p - 2. Let f(a) = -7*a**2 + 5*a - 3. Let t(i) = 4*f(i) - 5*m(i). Give t(4).
10
Let f(y) = -6*y + 1. Let c(k) = -11*k + 1. Let u(x) = -3*c(x) + 5*f(x). Give u(-2).
-4
Let v(s) = -s**2 - s + 1. Let y(d) = 6*d**3 - 6*d**2 - 4*d + 6. Let w(m) = 4*m**2 + m. Let p be w(1). Let l(a) = p*v(a) - y(a). Determine l(-1).
7
Let o(a) = a**3 + 4*a**2 - 3*a - 6. Suppose 11 = 4*y - 9. Let t(q) = -q + 1. Let b be t(y). What is o(b)?
6
Let z be 33/9 + (-2)/(-6). Let q(a) = -1 - 2 + 3 + z + 4*a. Give q(-3).
-8
Let u(q) = -q**2 + 2*q + 5. Let h be u(0). Suppose -5*k = -h*r + 2*r - 4, -k = -r. Let c(t) = 3*t**2 - 2*t + 3. Calculate c(k).
11
Let g(d) = d**3 + 3*d**2 - 4*d - 4. Let s(y) = -2*y + 6. Let q(r) = 6*r - 17. Let v(u) = -4*q(u) - 11*s(u). Let h be 4/(-36)*-3*9. Let i be v(h). What is g(i)?
-4
Let x(l) = l**3 + 5*l**2 + l + 7. Let u be x(-5). Let y(o) = -12*o - o**3 + 2*o + 7*o + 4*o + u. Calculate y(-2).
8
Let h(k) = 2*k - 1. Let g = 18 - 19. What is h(g)?
-3
Let a(v) be the third derivative of -v**6/120 - v**5/10 - v**4/8 - 3*v**3/2 + 4*v**2. Give a(-6).
9
Let u(s) = s**2 - s + 1. Let c(i) = -i**3 - 14*i**2 - 22*i + 24. Let a be c(-12). Give u(a).
1
Suppose 4*k - 20 = 2*w, 0 = 5*w - 3*k + k + 10. Let b(f) = -f**2 - f - 2. Let i be b(w). Let y(l) = 6 + 0 + 5*l - 5. Determine y(i).
-9
Let z(x) be the second derivative of x**4/12 - 2*x**3/3 - 5*x**2/2 - x. Suppose -3*g - 3*u = -30, 3*g + 5*u = 6*g - 62. Let d = 19 - g. Give z(d).
0
Let j(q) = -q**2 + 4*q + 2. Suppose 2 = y - 1. Let b be y - (-2 + 5 - 3). What is j(b)?
5
Let l(u) be the first derivative of -u**3/3 + 3*u**2/2 - 2*u - 1. Let j = 9 - 6. What is l(j)?
-2
Let i(h) = -h - 2. Suppose -2*m = -5*m - 18. Let p be 2/(-1) - (-7 - m). Give i(p).
-1
Let j(a) be the first derivative of 2*a**2 - 5 - 4/3*a**3 + 1/4*a**4 - 3*a. Determine j(3).
0
Let n(j) = j + 14. Let i be n(-11). Let l(p) be the first derivative of p**4/4 - p**3/3 - 3*p**2/2 - p - 5. Give l(i).
8
Let q = -9 - -13. Suppose 5*b - 2*a + 0*a = -4, 0 = -2*a + q. Let s = -1 + b. Let m(g) = -g + 1. Calculate m(s).
2
Let b(y) = y + 1. Let i be b(-1). Let w be i - (6/3 - 6). Suppose 0 = 4*k - 16, -k + 28 = 4*x + w*k. Let a(q) = q + 2. Give a(x).
4
Let g(p) = -p + 1. Let j be (-80)/30 + 4/6. Determine g(j).
3
Let c be 6/(-9) - 16/(-6). Let r(i) = 2*i**c - i - 1 + 0*i - 2. Suppose 4*l + 15 = 9*l. Determine r(l).
12
Let m(r) = 3*r - 11. Let p(c) = 1. Let f(l) = -m(l) - 6*p(l). Calculate f(-4).
17
Let t(x) = 3*x + 1. Let f(z) = -2*z - 1. Let j(g) = 4*f(g) + 3*t(g). Give j(-5).
-6
Let i(q) = 2*q**3 + 3*q**2 - q. Let t(g) = -g**3 - g**2 + 1. Let r(u) = -i(u) - 3*t(u). What is r(0)?
-3
Let z(v) = -v**3 + 2*v**2 + 2 - 2*v**2 + 0*v**2 - 3*v - 4*v**2. Give z(-3).
2
Let v(q) be the second derivative of q**7/2520 - q**6/90 + q**5/20 + q**4/4 - 3*q. Let k(f) be the third derivative of v(f). Give k(6).
-6
Let v(y) = 7 - 9 - 2*y**2 - 4*y + 0*y**3 + y**3. Determine v(4).
14
Let p(l) = l**2 - 5*l - 10. Let y(r) = -2*r**2 + 10*r + 21. Let i(n) = -13*p(n) - 6*y(n). Let t(j) = j**3 + 4*j**2 + j - 1. Let x be t(-2). What is i(x)?
4
Suppose h + 0*h = 6. Let t(s) = 1 + s**3 - 9 - h + 2 + s**2 - s. Give t(0).
-12
Suppose -3*k + 2*l + l = -84, -4*k - 5*l = -85. Suppose -y - 5*i - k = 0, y - 2*y - i - 5 = 0. Let p(r) = r**2 - r + 8. What is p(y)?
8
Let v(g) = 7*g**3 + 4*g**2 - 3*g + 1. Let y(k) = -13*k**3 - 8*k**2 + 5*k - 2. Let o = -14 + 25. Let r(b) = o*v(b) + 6*y(b). What is r(-2)?
-3
Let a be (18/(-4))/(-3)*6. Let x = -13 + a. Let r(n) = 35 - 30 + 2*n + 4*n + n**2. What is r(x)?
-3
Let w be (-7)/((-42)/30) + 0. Let m(t) = t**3 - 6*t**2 + 2*t + 5. Determine m(w).
-10
Let l(k) be the third derivative of -k**4/24 - k**3/6 - 15*k**2 - 2. What is l(-3)?
2
Let q(d) = -d + 7. Let y = 4 - 1. Give q(y).
4
Let c(b) = b**2 + b - 6. Let l = -3 - 13. Let i = l - -16. Calculate c(i).
-6
Let f(p) be the second derivative of -p**5/20 + p**4/2 - p**3/2 - 7*p**2/2 + 2*p. Determine f(5).
3
Suppose 0 = -5*w - 8 + 28. Let a(n) = n + 8. Let d be a(-6). Let p(z) = -2*z**d + 3 - z**3 - 6*z + w*z**2 + 4*z**2 + z. What is p(5)?
3
Let m(k) = -k**3 - 4*k**2 - 1. Suppose 3*i + 2 = 5*i. Let j = -7 - -2. Let p = j + i. Calculate m(p).
-1
Suppose -7*k + 13 - 48 = 0. Let w(r) = r**3 + 5*r**2 + 3*r + 6. Calculate w(k).
-9
Let o(t) = -3*t - 4. Let k(d) = 3*d + 5. Let q(a) = 6*k(a) + 7*o(a). What is q(2)?
-4
Supp